 - 390/(-260). Let b(s) = -s + 7. Determine b(z).
7
Let m(n) = 118 - 241 + 118 + n. What is m(-13)?
-18
Suppose -4*h - 5*x + 47 = 0, x + 4*x + 25 = 0. Suppose -18 = 9*s + h. Let p(v) = -v + 6*v - 1 - 2*v**3 + 6*v**2 + 3*v**3. Give p(s).
11
Let b(m) = -2 - 90*m**2 - 87*m**2 - 3 + 176*m**2 - 7*m. Let d(t) = t**2 - 4*t - 4. Let v(l) = -5*l**3 - 2*l**2 - l. Let a be v(-1). Let o be d(a). Give b(o).
7
Let g = 1913 + -1922. Let n(d) = -d**3 - 10*d**2 - 6*d + 26. Determine n(g).
-1
Let k be 5 + 1 + 9 + -13. Suppose 7*h - 2*h - 3*i + 14 = 0, -k*h + i = 6. Let s(u) = u**3 + 4*u**2 - u. Give s(h).
4
Suppose 0 = -3*w + 5*l - 0*l + 16, -4*w + 5*l = -18. Let v(o) = -1 + 52*o**2 - 49*o**2 - 1 - w*o. Determine v(-2).
14
Let p(r) = r**3 - 5*r**2 - 6*r + 5. Let b be p(6). Let g(h) be the second derivative of -h**5/20 + 5*h**4/12 - h**3/6 - h**2/2 + 3583*h. What is g(b)?
-6
Suppose 2*q - 15 = 7*q. Let b(k) = k + 7. Let g be b(q). Let n = g - 3. Let d(x) = 3*x**2 - x + 1. What is d(n)?
3
Let g be (-55)/15 - 2/(-3). Suppose 4*o + 25 - 7 = 3*r, 3*r = -5*o - 9. Let d(f) = f. Let x(b) = 4*b - 1. Let u(p) = r*d(p) - x(p). Calculate u(g).
7
Let u(m) = 7*m - 9. Let c(z) = 15*z - 19. Suppose 2*j = 8 + 18. Let t(a) = j*u(a) - 6*c(a). What is t(-6)?
-9
Let j(r) = r**3 - 7*r**2 - 7*r - 5. Let n be (-36)/15*-3 + (-8)/(-10). Calculate j(n).
3
Let c(u) = -u + 9. Let f be c(7). Let x(n) = -2 + n**f + 1 - 7*n + 6*n. Suppose a - 5*w = -0*a - 3, -3*a - 4*w + 10 = 0. What is x(a)?
1
Suppose 3*f - f = 4. Suppose 5 = 4*p - 7. Let d(o) = -1 + 2*o**3 - 209*o**2 - 2*o**3 - o + o**p + 210*o**2. Determine d(f).
9
Let u(x) be the second derivative of -x**6/360 + x**5/60 + 19*x**4/6 - 6*x. Let m(z) be the third derivative of u(z). Give m(-3).
8
Let a(f) be the third derivative of -f**5/60 + 5*f**4/24 - f**3 + 343*f**2. Let z = -5 - -10. Give a(z).
-6
Let d(f) be the second derivative of f**5/20 + f**4/3 - f**3/2 + 7*f**2/2 + 47*f. Determine d(-5).
-3
Let g(f) be the third derivative of f**9/60480 - f**8/3360 - f**7/2520 + f**6/720 + f**5/6 + 6*f**2. Let c(v) be the third derivative of g(v). Give c(6).
-11
Suppose u = l + 4*u, 5*l = -2*u + 13. Let y(s) be the first derivative of -l*s - 3 - s**2 + 12*s - 7 + 0. Determine y(6).
-3
Let b(r) = r - 2. Let q = 31 + -71. Let y be q/(-32) - 3/(-4). Calculate b(y).
0
Let i(p) be the third derivative of p**5/60 - 11*p**4/24 + 4*p**3/3 + 47*p**2 + 2*p. Calculate i(11).
8
Let n(g) = -8*g + 35. Let c(v) = 9*v - 38. Let a(k) = -3*c(k) - 4*n(k). Calculate a(8).
14
Let r(x) be the second derivative of -x**5/20 + x**4/3 - x**3/3 - 5*x**2/2 - 8*x + 24. Let k be 10/3*(-30)/(-25). Calculate r(k).
-13
Suppose 6*z - 87 - 33 = 0. Suppose -104*v + z = -108*v. Let a(q) be the third derivative of -q**4/12 - q**3/6 + 2*q**2. Calculate a(v).
9
Let p(d) be the third derivative of d**6/120 - d**5/15 - 5*d**4/24 - d**3/3 - 9*d**2. Let x = -332 - -337. Give p(x).
-2
Let b = -17 - -30. Let y(u) = u**3 - 14*u**2 + 14*u + 7. Give y(b).
20
Let f(t) = -5*t**3 + 7*t**2 - 6*t + 21. Let w(h) = -h**3 - h**2 - h + 2. Let b(x) = -f(x) + 4*w(x). Calculate b(11).
9
Let w(r) = -7*r**2 + 4*r. Suppose 2*f = -12 - 8. Let m = f + 4. Let x(q) = 6*q**2 - 4*q + 1. Let u(i) = m*x(i) - 5*w(i). Calculate u(4).
-6
Let k(z) = -z**3 + 12*z**2 - 13*z + 22. Let c be k(11). Let v(n) = 11*n**3 + c*n**3 + 11*n**3 - 12*n**3 + n**2. Let j be ((-1)/(-1)*-1)/(-1). What is v(j)?
11
Let k(n) = n**3 + 8*n**2 + 6*n + 1. Let y be ((-354)/15)/(4/(-10)). Let a = y - 66. Determine k(a).
8
Let w(n) be the third derivative of n**5/60 + n**4/8 - n**3/3 - 37*n**2. Suppose -3*c + 4*v = 2, 6*v - 14 = 5*c + 2*v. What is w(c)?
16
Let w(v) = v - 8. Let g be (-32 - -31)*0/(-3). Calculate w(g).
-8
Let r(y) = -4*y**3 + 3*y - 6*y**2 - 2*y + 5*y**2. Let f = 584 - 583. Determine r(f).
-4
Let m(k) = -k**3 - 2*k**2 + 6*k + 6. Suppose -4*g = 83 - 67. Give m(g).
14
Let l(a) = 59*a**3 + 4*a**2 - 2*a**2 - 6*a + 6 + a**2 - 58*a**3. What is l(-5)?
-14
Let y(t) be the second derivative of -t**7/840 + t**6/60 - t**5/40 - 11*t**3/6 - 5*t. Let n(b) be the second derivative of y(b). Determine n(2).
10
Let d(o) = 4*o**2 + 1. Let u be 102/14 - (-4)/(-14). Suppose -14*c - 14 = -u*c. Determine d(c).
17
Suppose o - 4*o + 21 = 0. Let t(q) = q - 6. Let v(r) = 27 + 0*r - 6*r + r + 5. Let g(j) = 11*t(j) + 2*v(j). Give g(o).
5
Suppose -2*q + 1721 = 2*q - 3*g, -1287 = -3*q + g. Let h(x) = -q*x - 426*x + 853*x - x**3 + 5*x**2. What is h(5)?
-5
Suppose -b - 20 = -18. Let y(c) = 20*c**2 - 16*c + 6. Let a(m) = 4*m**2 - 3*m + 1. Let q(n) = b*y(n) + 11*a(n). What is q(2)?
13
Let v(y) be the first derivative of -5/3*y**3 - 1/2*y**2 + 3 + 0*y. Calculate v(1).
-6
Let x(k) = k**2 + 5*k. Let o be x(-5). Let u(q) = -3 + q + o*q + 1 + 6. Suppose 4*v = a + 14 + 6, 0 = -a + 4. What is u(v)?
10
Let y(l) be the first derivative of l**2/2 - 2*l + 31. Determine y(-10).
-12
Let o(d) = 2*d**3 + 2*d**2 - d. Let i be ((-13)/2)/13*-2. Give o(i).
3
Let g be ((-1)/3*0)/(-1). Let c(z) = -6*z + 2. Let w(x) = -5*x + 3. Let u(l) = 4*c(l) - 5*w(l). Determine u(g).
-7
Let d(a) = -a - 6. Suppose -z - 2 = -2*z. Suppose -10 = -z*x - 0*x. What is d(x)?
-11
Let j(u) = -u**2 + 5*u + 7. Let q be j(6). Let h(i) = q + i**2 - 5*i**2 - 2*i**3 + 3*i**3 - 4*i. Suppose 5*v = 1078 - 1053. Calculate h(v).
6
Let y(k) = k**2 + 14*k - 24. Let g(x) = -x**2 - 16*x + 25. Let p(o) = 4*g(o) + 5*y(o). Calculate p(-9).
7
Let i be -17 - -22 - (-1 + 10). Let r(z) be the second derivative of -z - 3/2*z**2 - 5/12*z**4 + 0 - 5/6*z**3 - 1/20*z**5. Calculate r(i).
1
Let f(o) = 2*o - 21. Let d(p) be the second derivative of -p**3/6 + 5*p**2 - 10*p. Let w(l) = 13*d(l) + 6*f(l). Calculate w(0).
4
Let d(a) = -6*a**2 - 8*a - 6. Let o(i) = -7*i**2 - 9*i - 7. Let l(k) = 6*d(k) - 5*o(k). Let t = -1 - 1. Let r = -1 + t. Give l(r).
-1
Let j(g) = -6*g - 2. Let t be (-23)/(-115) + 41/(-5). Let u be 6/t*(-8)/3. Let h be u + 1 + (-15)/3. Give j(h).
10
Let i(q) = -2*q. Suppose -20 = 745*t - 749*t. Determine i(t).
-10
Let q(c) be the first derivative of c**4/4 + 2*c**3 + 4*c**2 + 5*c - 4059. Suppose m + 5*k = -20, -m + k - 2 = -0*k. Calculate q(m).
-10
Suppose -6*o + 121 = 103. Let t(a) be the second derivative of a**5/20 - a**4/4 + 2*a**3/3 - a**2 - 3*a. Determine t(o).
10
Let t(s) = 8*s. Let w(r) = -7*r. Let p(z) = -6*t(z) - 7*w(z). Let n(b) = 4*b + 3. Let j(o) = -n(o) + 5*p(o). Calculate j(-3).
-6
Suppose -14*m = -2*m - 24. Let a(o) = -2*o + 4 - 3*o**m - 2 + o**2. Determine a(-2).
-2
Let d be (16 - 9)/((-2)/(-2)). Let o(x) = -2*x + x + 13*x**2 - x**2 - d. Let g(f) = 11*f**2 - f - 6. Let r(u) = -7*g(u) + 6*o(u). What is r(1)?
-4
Let i(k) = k + 1. Let j(m) = 10*m + 6. Let g(l) = 2*l + 3. Let u be g(-3). Let z = 2 + u. Let n(p) = z*j(p) + 5*i(p). Give n(-2).
9
Let h(f) = -f**3 - 7*f**2 - 7*f + 3. Suppose -s - 4*s + 5*a = 10, s = 2*a + 2. Calculate h(s).
9
Suppose 10 = 28*j - 23*j. Let m(n) be the first derivative of n**j - n + 4 - 8/3*n**3. Give m(1).
-7
Suppose 0*q = 4*q. Let r(s) = -s**3 - s**2 - 3*s - 2. Let g(v) = -5*v**3 - 7*v**2 - 19*v - 14. Let z(o) = g(o) - 6*r(o). Give z(q).
-2
Let l(k) be the second derivative of 13*k**3/6 + 5*k**2/2 + 254*k + 1. What is l(4)?
57
Suppose -6*r + 8 + 10 = 0. Suppose -3*l + 1 = m - 2*l, r*m = 4*l + 17. Let d(f) = f**2 - 5*f + 2. Give d(m).
-4
Suppose -121*r + 147*r = -130. Let w(f) = 4*f + 8. What is w(r)?
-12
Let j(n) = 5*n**2 + 10*n - 7. Let i(g) = -9*g**2 - 21*g + 9. Let v(x) = -6*i(x) - 11*j(x). Give v(17).
6
Let a(n) = -n**3 + 8*n**2 - 5*n - 4. Let y(v) = -v**3 - 17*v**2 + 17*v - 11. Let i be y(-18). Calculate a(i).
10
Suppose 89*w + 80 = 73*w. Let z(k) = -k**2 - 9*k - 12. What is z(w)?
8
Let r(y) be the second derivative of -y**4/12 - 3*y**3/2 - 337*y. Suppose 2*o + i = 2*i - 13, -3*o - 47 = 4*i. Give r(o).
0
Let u(o) = 74*o**2 + 75*o**2 - o**3 - 3*o + 11*o - 226*o**2 + 3 + 71*o**2. Suppose -4*w + 29 = -5*p + 6, 3*p + 15 = 2*w. Give u(p).
-4
Let r be (5 + 15/(-2))*(-6)/5. Suppose 12 = 2*v + 4*n, 0 = -5*v + r*n - 31 - 4. Let y(l) = l**3 + 4*l**2 + 4*l + 2. Determine y(v).
-14
Suppose -42*y = -380 + 86. Let l(o) be the first derivative of -o**2/2 + o - 3. Let x(d) = 7*d - 10. Let p(b) = -5*l(b) - x(b). Calculate p(y).
-9
Let t be 8/16 - 2/4. Suppose 2*z - 2*h - 2 = -8, t = 4*z - 5*h 